te the remainder when a is divided by b(0).
11
Let b = -750 - -1015. Calculate the remainder when b is divided by 54.
49
Let l(f) = -5*f**2 - 3*f + 5. Let a be l(-3). Calculate the remainder when 18 is divided by 42/(-28) + (a/(-2) - 0).
4
Suppose o = -5*h + 226, -5*h - 5*o + 224 - 14 = 0. Suppose -6*t + 2*t = -68. Calculate the remainder when h is divided by t.
12
Suppose 0 = -5*t + 5*b + 148 - 13, -2*b = t - 21. Calculate the remainder when 97 is divided by t.
22
Let w(i) = 3*i**2 - i + 2. Suppose -4*g + 9 = 1. Suppose -1 - 5 = -g*u. Calculate the remainder when 77 is divided by w(u).
25
Let f(z) = -z**3 + 11*z**2 - 7*z + 15. Let q be f(10). Suppose -48*n = -q*n - 69. Suppose 3*s - 12 = s. What is the remainder when n is divided by s?
5
Let q(g) = 2*g**3 + 55*g**2 + 77*g + 22. Calculate the remainder when q(-26) is divided by 24.
0
Suppose 2 = -i - 3. Let j = i + 8. Let p(u) = 4*u + 99. Calculate the remainder when p(-23) is divided by j.
1
Let p = 39 + -35. Suppose 0 = p*m - 106 - 66. Calculate the remainder when m is divided by 23.
20
Let b = -213 + 222. Calculate the remainder when b is divided by 6.
3
Let n(p) = -p**2 + 5*p + 52. Let i be n(-4). Suppose 0 = -i*v + 12*v + 84. What is the remainder when v is divided by 43/4 + (-1)/(-4)?
10
Suppose 40*o = 45*o + 40. Let d(i) = -5*i + 29. What is the remainder when d(o) is divided by 10?
9
Let g(d) = 4*d + 32. What is the remainder when 60 is divided by g(-4)?
12
Let a = -22 - -13. Let n = a - -24. Let h = n - 7. What is the remainder when h is divided by 5?
3
Suppose -w = -67*w + 26598. Calculate the remainder when w is divided by 58.
55
Suppose -2 = z + 3*s + 2, z = 4*s + 10. Let v = 52 - z. Let c = 46 - 28. What is the remainder when v is divided by c?
14
Suppose -15*u + 10*u + 245 = 0. Calculate the remainder when u is divided by 32.
17
Let m = 17 - 12. Suppose 0 = g - m*g + 3*l + 5, -4*g = 2*l - 30. Calculate the remainder when 3 is divided by (3 - g)*(-1)/2.
0
Let q(s) = 406*s - 599. What is the remainder when q(4) is divided by 21?
17
Let w = 28 - 24. Let h(z) be the second derivative of z**3/2 + z**2/2 + z. Calculate the remainder when w is divided by h(1).
0
Let z(k) = 3*k**2 - 50*k + 24. What is the remainder when z(19) is divided by 56?
45
Suppose 0 = 2*n + 2*n + 12, 0 = 5*y + n - 87. Let f = y - 3. What is the remainder when 27 is divided by f?
12
Suppose -1530 = -14*u + 9*u - 5*z, -4*z + 16 = 0. What is the remainder when u is divided by 101?
100
Let s(p) = 26*p**2 + 10*p + 2. What is the remainder when 639 is divided by s(1)?
31
Let p(y) = -2*y**3 + 3*y**2 - 5*y - 2. Calculate the remainder when p(-3) is divided by 24.
22
Suppose -5*y = 4*v - 21, -67*y + 65*y + 5*v = -15. Calculate the remainder when 592 is divided by y.
2
Let j(m) = -2*m**3 - 2*m + 1. Let y(t) = -t**3 - 8*t**2 - 5*t + 1. Let o be 0 + (6*4)/(-3). Calculate the remainder when y(o) is divided by j(-2).
20
Suppose s + 1 = 6. Calculate the remainder when 37 is divided by ((-29)/5 + s)*50/(-4).
7
Let o(x) = -x**2 - 25*x - 86. What is the remainder when o(-14) is divided by 35?
33
Let h(r) be the second derivative of 1/12*r**4 + 0*r**3 - 1/2*r**2 + 6*r + 0 + 3/10*r**5. Calculate the remainder when 23 is divided by h(1).
5
Suppose 3*q + 2 = -1. Suppose -5*p + 0*p = -1620. What is the remainder when q/2 - p/(-8) is divided by 21?
19
Suppose 4*c = t + 214, -t + 157 = 2*c + 47. What is the remainder when c is divided by 14?
12
Suppose 3*l = -x + 8 + 19, l - 29 = -x. Let u = 8 + x. Calculate the remainder when 149 is divided by u.
35
Let a be (-76 - -6)/((-2)/2). Suppose 0 = 3*t - a - 11. Calculate the remainder when t is divided by ((-42)/9)/(2/6*-1).
13
Let v(p) = 6*p**2 - 39*p + 9. Suppose -c - 12 = -d, -3*d - c = -6*d + 34. What is the remainder when v(7) is divided by d?
8
Suppose -8*o + 7*o + 52 = 0. Let d(c) = 4*c**2 - 4*c + 3. Calculate the remainder when 60/15 + o/2 is divided by d(2).
8
Suppose 5*o + 158 = -i, 4*o + 136 = -i + 5*i. Let m = o - -57. Let x = 46 - 32. What is the remainder when m is divided by x?
11
Let h(f) = -2*f + 14. What is the remainder when 141 is divided by h(-6)?
11
Suppose 4*l + l = 140. Let n(m) = -m**2 + 27*m + 6. Let h be n(9). Let y = 183 - h. Calculate the remainder when l is divided by y.
13
Let j be -5*((-12)/(-3))/(-4). Suppose 3*g = j*g + 112. Calculate the remainder when g/98 + (-1310)/(-14) is divided by 24.
21
Suppose 795 = 29*u - 510. Calculate the remainder when u is divided by 6.
3
Let n(h) = -h + 7. Suppose 7 - 22 = 5*l. What is the remainder when 50 + (1 - 2) + l is divided by n(-5)?
10
Let b(c) = c**3 + 10*c**2 + 22*c + 10. Let d = 33 - 28. Calculate the remainder when b(-4) is divided by d.
3
Let x(c) = -3*c + 18. Calculate the remainder when (-2)/(-4) + (-110)/(-20) is divided by x(4).
0
Let p(w) = 3 - 2*w**2 + w**2 + 2*w + 7 + 0*w. What is the remainder when 18 is divided by p(3)?
4
Suppose 0 = -17*o + 24*o - 147. Calculate the remainder when o is divided by 6.
3
Suppose -3*l + 9*l - 36 = 0. What is the remainder when 124/(-93) - (-146)/6 is divided by l?
5
Suppose 8*i = -25*i + 231. Calculate the remainder when 21 is divided by i.
0
Let j = 8 + 13. Let k = -11 + j. Suppose 8*m - 293 = -261. Calculate the remainder when k is divided by m.
2
Suppose 40*i - 60*i + 17100 = 0. What is the remainder when i is divided by 33?
30
Suppose 2*z - 1 + 4 = u, 2*u = 2*z + 16. Let v(x) = 2*x**2 - 7*x + 4. Calculate the remainder when v(6) is divided by u.
8
Let l(w) be the second derivative of -w**4/6 - 8*w**3/3 + w**2/2 + 9*w. What is the remainder when 72 is divided by l(-7)?
12
Let m = 293 - 275. What is the remainder when 105 is divided by m?
15
Let v(w) = 2946*w**2 - 2*w + 1. Calculate the remainder when v(1) is divided by 22.
19
Let p(j) = -j + 65. Suppose 5*r - 1 = 9. Suppose -3*x + q = r*q + 2, -3*x = -4*q - 8. Calculate the remainder when p(x) is divided by 22.
21
Suppose 0 = 5*h + 4*u - 910, 317 = 3*h - 5*u - 266. What is the remainder when h is divided by 27?
24
Suppose -3*z = 551 - 6134. What is the remainder when z is divided by 27?
25
Let w be 1064/120 - 2/(-15). Suppose 2*q - 65 + w = 0. Suppose q = 4*g - 2*g. Calculate the remainder when 39 is divided by g.
11
Suppose 24 = -2*u + 2. Let g = u - -18. Suppose -4*y = 2*x - 11 - 11, 0 = -3*y + 3*x + 12. Calculate the remainder when g is divided by y.
2
Suppose 3*t + 210 = k, 6*t = 4*t - 10. What is the remainder when k is divided by 66?
63
Let j = -1741 - -2995. Calculate the remainder when j is divided by 74.
70
Let r = -420 - -477. What is the remainder when 282 is divided by r?
54
Let c be (-4)/(-6) + (-1250)/30. Let z = c - -51. Suppose 7 + 23 = 2*j. Calculate the remainder when j is divided by z.
5
Suppose 3*m = 0, 2*h = -m - m + 32. Let z = 13 - 10. Suppose -z*d - w + 183 = -0*w, -4*d = 5*w - 233. Calculate the remainder when d is divided by h.
14
Let v(d) = -d**3 - 17*d**2 - 54*d - 10. Calculate the remainder when 46 is divided by v(-13).
14
Let g = -500 + 626. What is the remainder when g is divided by 35?
21
Let w(r) = -r - 7. Let c be w(-5). Let o be 0*(c + (-6)/(-4)). Suppose -5*g + 42 = -3*p, g + 4*p + 10 = -o*p. What is the remainder when 11 is divided by g?
5
Suppose 0*y - 11 = 3*t - 5*y, 0 = t + y - 7. Let j(z) = -2*z**t - z - 10*z**2 - 7 + 2*z + 2*z**3 + z**3. What is the remainder when 5 is divided by j(10)?
2
Let s = 56 + -39. Let d be 4/8*2 - 1. Suppose -a + 0*a + 6 = d. What is the remainder when s is divided by a?
5
Let s = 435 - 421. What is the remainder when 78 is divided by s?
8
Suppose -d + 0*h = 2*h - 137, 0 = 5*d + 2*h - 653. Suppose 4*o + 120 = 5*w - 2*w, -3*w + 138 = 2*o. What is the remainder when d is divided by w?
41
Let t(i) = 19*i + 17. What is the remainder when t(5) is divided by 74?
38
Calculate the remainder when (-8)/(-10)*((-105105)/(-26))/3 is divided by 23.
20
Suppose 11*p = 7*p + 4, -5*p - 29 = -2*u. What is the remainder when 779 is divided by u?
14
Let p(y) = -4*y + 7. What is the remainder when 564*(-15)/(-300)*5/3 is divided by p(-5)?
20
Let o = -42 + 77. Let y = 5 + o. What is the remainder when y is divided by 14?
12
Suppose -2*v - 76 = -4*j, -49 + 19 = -2*j + 5*v. Let x be (-50)/175 + 352/7. Let o = -12 + x. What is the remainder when o is divided by j?
18
Let r(t) 